). Let y = -7 - -5. List the prime factors of y*(-6 + (r - 0)).
2, 5
Suppose 0 = -2*f - 3*f - 260. What are the prime factors of (f/(-2))/(14/7)?
13
What are the prime factors of (-28)/(1/((-1)/2))?
2, 7
Suppose 0 = -5*t + 3*u + 31 + 19, 3*t - 5*u = 30. Let b = t - -6. What are the prime factors of b?
2
Suppose 0 = -0*f - 2*f - 5*x - 13, -x - 2 = f. Let t = f - 1. List the prime factors of 8 + (t - (1 + 0)).
7
Let j = 2 + -13. Let l = 0 - j. What are the prime factors of l?
11
Suppose 0 = -2*c + 17 + 155. Let u = c + -49. What are the prime factors of u?
37
Let t(v) = 5*v**3 - 10*v**2 + 5*v. Let o(p) = 9*p**3 - 19*p**2 + 10*p. Let c(k) = 4*o(k) - 7*t(k). List the prime factors of c(6).
2, 3, 5
Let t = -42 - -65. What are the prime factors of t?
23
Suppose 0 = -2*h + 3*h - 8. Suppose y - h + 1 = 0. What are the prime factors of 21*y/((-147)/(-18))?
2, 3
Let q(d) = -3*d + 1. Let n be q(-2). Suppose -23 - 19 = -2*i. Suppose -4*u + n = -i. List the prime factors of u.
7
Let x = 4 + 2. List the prime factors of (-16)/x*(-234)/24.
2, 13
Let s be 1/(2 - 4)*-6. Suppose -4*m + 78 = -2*i, s*m - 111 = -3*i - 30. List the prime factors of m.
2, 11
Suppose 42*s - 35*s = 448. List the prime factors of s.
2
Suppose 5*o + o - 1350 = 0. What are the prime factors of o?
3, 5
Suppose -2*h - 9 = 3*m, 3*m = -m - 20. Suppose h*s = b + 16, -2*s + 5*b + 14 = b. What are the prime factors of s?
5
Let s be (-1)/3 + (-230)/(-6). Let b be 6/15 - s/(-5). Let n = -5 + b. What are the prime factors of n?
3
Suppose 21*j - 18*j = 540. List the prime factors of j.
2, 3, 5
Suppose 0 = -3*o - 4*z + 63, -z + 105 = 5*o - 4*z. What are the prime factors of o?
3, 7
Suppose -h + 4*k = -76, 3*h - 4*k - 260 = -0*k. List the prime factors of h.
2, 23
Let r(v) = -4*v + 4. Let n(b) = 5*b - 5. Let w(x) = -2*n(x) - 3*r(x). List the prime factors of w(7).
2, 3
List the prime factors of ((-34)/(-4))/(17/16 + -1).
2, 17
Let p(x) = -2*x - 4. Let t be p(3). Let i be (t/(-6))/(4/12). Suppose i*c - 8 = c. What are the prime factors of c?
2
Let y(p) be the first derivative of -p**7/840 - p**6/36 + 7*p**4/24 + 4*p**3/3 + 1. Let u(a) be the third derivative of y(a). List the prime factors of u(-10).
7
Let c = 2 + -2. Suppose c = 3*a - 5*m - 32, 4*a - m - 20 = -0*a. List the prime factors of a.
2
Let g(l) = l**2 - 3*l - 7. Let w be g(5). Let q(c) = 8*c. What are the prime factors of q(w)?
2, 3
Let v be 0 + (0 - 3) - -1. List the prime factors of ((-3)/v)/((-1)/(-14)).
3, 7
Suppose -1 = -5*o - 3*a + 5, 0 = 5*o - 3*a - 24. Suppose 5*f - c = -2, -3*f + 4*c + 11 = -2*f. Let u = o + f. List the prime factors of u.
2
Suppose 6*y = 4*y + 6. Suppose y*t = 8 + 1. List the prime factors of t.
3
Suppose 3*t - 29 = 43. List the prime factors of t.
2, 3
What are the prime factors of ((-10)/(-3))/((-6)/918*-3)?
2, 5, 17
What are the prime factors of (-16)/(-2 - 3/(-2))?
2
Suppose -4*y + 84 = u, -4*y = -0*u - 3*u + 300. Suppose u = 3*o + 4*b - 0*b, -o - 2*b = -30. What are the prime factors of o?
2, 3
Let p = -59 + 125. Suppose -4*l - 3*h + p = 0, -5*l + h + 31 + 42 = 0. What are the prime factors of l?
3, 5
Let j = -18 + 31. List the prime factors of j.
13
Suppose 0 = -i + 3*i. Let w be i/(-2)*2/(-4). Suppose 4*l + 0*l - 16 = w. List the prime factors of l.
2
Suppose -3*l + 4*l + 196 = 3*f, -f + 62 = 3*l. List the prime factors of f.
5, 13
Suppose 3*z + 1 = -4*x + 36, z - 10 = -x. Suppose 2*c = 3*w - 6, -x*w - c = c - 10. What are the prime factors of w?
2
Let f be 3 + (76 - (3 - 0)). Suppose -f = -7*y + 3*y. What are the prime factors of y?
19
Let r(d) = -12*d**3 - 3*d**2 - 10*d + 7. Let k(j) = 4*j**3 + j**2 + 3*j - 2. Let n(y) = -7*k(y) - 2*r(y). List the prime factors of n(-1).
2
Let f(y) = y**2 + 5*y - 6. Let l be f(-5). Let c(t) = t**2 + 7*t + 9. List the prime factors of c(l).
3
Let a = 8 - 2. Let n(p) = -p**2 + 7*p + 5. List the prime factors of n(a).
11
Let w(z) = 0*z - 4*z - 3 + 4. Let q be w(-1). Suppose 10 = -0*o - q*o, s = -3*o + 1. List the prime factors of s.
7
Let t = 30 - 46. Let z be (-772)/t - 3/12. What are the prime factors of (-132)/z*(1 - 5)?
11
What are the prime factors of 2*34/(-8)*-6?
3, 17
Let c(z) = z**3 + 4*z**2 - 2. Let u be c(-3). Let r = 37 - u. List the prime factors of r.
2, 3, 5
Let c(r) = -r**3 + 8*r**2 - r - 17. What are the prime factors of c(5)?
53
Let f be 3/7 - 9/21. Suppose 2*y + z - 49 = f, -4*y + 106 = y - 3*z. What are the prime factors of y?
23
Let d = 24 + -6. Let i(k) = -d*k**3 - 7*k**2 + 6*k + 6*k**3 + 8 + 13*k**3. List the prime factors of i(6).
2
Let c(i) = i - 7. Let v be c(12). Suppose -v*k - y + 4*y = -142, 0 = -5*y - 20. What are the prime factors of k?
2, 13
Let u(p) = p**3 - 10*p**2 - 2*p - 1. What are the prime factors of u(12)?
263
Let p be (-2)/(-10) + 8/(-40). Suppose p*b - 52 = -4*b. List the prime factors of b.
13
Let y(d) = d**2 - 7*d + 24. List the prime factors of y(12).
2, 3, 7
Let m(x) = -49*x - 11. Let u(y) = -25*y - 5. Let l(t) = 6*m(t) - 13*u(t). Let d be l(1). What are the prime factors of ((-12)/(-30))/(2/d)?
2, 3
Suppose -3*t - 264 = -3*j - 2*t, -5*t - 430 = -5*j. List the prime factors of j.
89
Suppose -4*i + 93 = -3*s, 0*s - 33 = -2*i - 3*s. Let j = i - 13. List the prime factors of j.
2
List the prime factors of 5 - 4 - (0 + 1)*-3.
2
List the prime factors of 3/(4 - 1) - -65.
2, 3, 11
List the prime factors of 2/3 + (-616)/(-21).
2, 3, 5
Let c(b) = -b**3 - b - 3. Let z be c(0). Let y = z + 14. Suppose -4*s + y + 37 = 0. What are the prime factors of s?
2, 3
Suppose 7*i - 104 = -3*g + 2*i, 3*g + i = 100. List the prime factors of g.
3, 11
Let x(u) = -14*u + 3. Let c be x(-3). Let k be (6/(-5))/(9/30). What are the prime factors of (k/3)/((-10)/c)?
2, 3
Let o(h) = -h**3 + 8*h**2 - 7*h - 1. What are the prime factors of o(6)?
29
Let o(r) = 10*r - 43. What are the prime factors of o(16)?
3, 13
Let m be 13*1 + -9 + 6. What are the prime factors of ((-14)/(-2))/(5/m)?
2, 7
Let c(f) = 5*f - 3. Let l(o) = -5*o + 4. Let a(g) = -4*c(g) - 5*l(g). List the prime factors of a(7).
3
Let j = -52 + 73. List the prime factors of j.
3, 7
Suppose -39*n + 38*n + 31 = 0. What are the prime factors of n?
31
Let f = 15 + -5. Let n be (f/3)/(4/6). Suppose -n*z + 2*z + 54 = 0. List the prime factors of z.
2, 3
Suppose 34 = -u - 4*y + 194, -775 = -5*u + 5*y. What are the prime factors of u?
2, 3, 13
Let n = 21 + 2. List the prime factors of n.
23
Let o be (-3)/15 + (-22)/(-10). Let x be (-1)/o*(9 - 1). List the prime factors of (-195)/(-12) + (-3)/x.
17
Let v be (-2 - 0)*(-1)/1. Suppose -v*o + 33 = 13. What are the prime factors of o?
2, 5
Suppose -d + 19 = -3*w + w, 2*d = 2*w + 36. Let i = d + -12. What are the prime factors of i?
5
Let w(x) = x**3 - 3*x**2 + x - 1. Let i be w(2). Let t be (i + 11)/(2 + -1). Suppose 3*n - n = t. List the prime factors of n.
2
Suppose 239 - 3 = 4*m. List the prime factors of m.
59
Suppose r - 17 = -5*x + 17, 0 = 2*r - 2*x - 32. List the prime factors of r.
19
Suppose -50 = -x - 0*x. Suppose 0*d - 125 = -5*v - 5*d, -x = -2*v + 4*d. List the prime factors of v.
5
Let i be (-100)/(-36) - 4/(-18). Let c(z) be the first derivative of z**3/3 + z**2/2 - 3*z - 2. What are the prime factors of c(i)?
3
Suppose 2 = -2*g - 3*w - 5, 40 = 5*g - 4*w. Let a(r) = -r**3 + 2*r**2 + 5*r + 3. Let f be a(g). List the prime factors of f/6*64/(-6).
2
Let w be ((-10)/3)/(4/(-6)). Suppose -w*o + 10 = -5. Suppose o*p = 5*p - 12. What are the prime factors of p?
2, 3
Suppose 3*u - 5*b = -4 + 16, -4*u = -2*b - 2. Let o(s) = 1 + 0 - 2*s**3 + s - 3*s**3. What are the prime factors of o(u)?
5
Suppose -4*a + 12 = -2*q, -4 = a - 8. Let l be ((-6)/(-9))/((-1)/(-12)). Suppose -14 - l = -q*p. List the prime factors of p.
11
Let z be 54 + 2 - 4/2. Let p = z + -36. What are the prime factors of p?
2, 3
Suppose 0 = -o - 7 + 5. Let m be 4/(-14) + (-93)/(-7). Let k = m + o. What are the prime factors of k?
11
Suppose -3*t + 2 + 4 = 0. List the prime factors of -8 + 18 - t/2.
3
Suppose 0*d - 2*d = -m - 57, 0 = -5*m + 15. Suppose -f + 0*f + d = 3*o, f = 5*o - 42. List the prime factors of o.
3
Let j be (4 - 1)*15/9. Suppose -j*o = -176 + 6. What are the prime factors of o?
2, 17
Let s(x) = x**2 - x - 3. Let t be s(3). Suppose -5*l + 25 = 0, 4*c - 3*c = t*l - 15. Suppose